{"id":3002,"date":"2024-09-15T22:13:17","date_gmt":"2024-09-16T01:13:17","guid":{"rendered":"https:\/\/catalogolucianosilva.com.br\/?post_type=product&#038;p=3002"},"modified":"2025-07-02T00:24:16","modified_gmt":"2025-07-02T03:24:16","slug":"fiat-fiorino-endurance-evo-1-4-flex-8v-2p-2023","status":"publish","type":"product","link":"https:\/\/catalogolucianosilva.com.br\/?product=fiat-fiorino-endurance-evo-1-4-flex-8v-2p-2023","title":{"rendered":"FIAT FIORINO ENDURANCE EVO 1.4 FLEX 8V 2P 2023"},"content":{"rendered":"<p><strong>Caracter\u00edsticas<\/strong><\/p>\n<ul>\n<li><strong>Categoria:<\/strong> Carros, vans e utilit\u00e1rios<\/li>\n<li><strong>Modelo:<\/strong> FIAT FIORINO ENDURANCE EVO 1.4 FLEX 8V 2P<\/li>\n<li><strong>Marca:<\/strong> FIAT<\/li>\n<li><strong>Tipo de ve\u00edculo:<\/strong> Perua<\/li>\n<li><strong>Ano:<\/strong> 2023<\/li>\n<li><strong>Pot\u00eancia do motor:<\/strong> 1.4<\/li>\n<li><strong>Combust\u00edvel:<\/strong> Flex<\/li>\n<li><strong>C\u00e2mbio:<\/strong> Manual<\/li>\n<li><strong>Cor:<\/strong> Branco<\/li>\n<li><strong>Portas:<\/strong> 2 portas<\/li>\n<li><strong>Final de placa:<\/strong> 8<\/li>\n<li><strong>Tipo de dire\u00e7\u00e3o:<\/strong> Hidr\u00e1ulica<\/li>\n<\/ul>\n<p><strong>Opcionais<\/strong><\/p>\n<ul>\n<li>Alarme<\/li>\n<li>Airbag<\/li>\n<li>Ar condicionado<\/li>\n<li>Som<\/li>\n<li>Trava el\u00e9trica<\/li>\n<li>Vidro el\u00e9trico<\/li>\n<\/ul>\n","protected":false},"excerpt":{"rendered":"<p>Caracter\u00edsticas Categoria: Carros, vans e utilit\u00e1rios Modelo: FIAT FIORINO ENDURANCE EVO 1.4 FLEX 8V 2P Marca: FIAT Tipo de ve\u00edculo: Perua Ano: 2023 Pot\u00eancia do motor: 1.4 Combust\u00edvel: Flex C\u00e2mbio: Manual Cor: Branco Portas: 2 portas Final de placa: 8 Tipo de dire\u00e7\u00e3o: Hidr\u00e1ulica Opcionais Alarme Airbag Ar condicionado Som Trava el\u00e9trica Vidro el\u00e9trico<\/p>\n","protected":false},"featured_media":4748,"comment_status":"open","ping_status":"closed","template":"","meta":[],"product_brand":[],"product_cat":[19,24,16],"product_tag":[],"class_list":{"0":"post-3002","1":"product","2":"type-product","3":"status-publish","4":"has-post-thumbnail","6":"product_cat-carros","7":"product_cat-fiat","8":"product_cat-todos-os-veiculos","10":"first","11":"onbackorder","12":"shipping-taxable","13":"purchasable","14":"product-type-simple"},"_links":{"self":[{"href":"https:\/\/catalogolucianosilva.com.br\/index.php?rest_route=\/wp\/v2\/product\/3002","targetHints":{"allow":["GET"]}}],"collection":[{"href":"https:\/\/catalogolucianosilva.com.br\/index.php?rest_route=\/wp\/v2\/product"}],"about":[{"href":"https:\/\/catalogolucianosilva.com.br\/index.php?rest_route=\/wp\/v2\/types\/product"}],"replies":[{"embeddable":true,"href":"https:\/\/catalogolucianosilva.com.br\/index.php?rest_route=%2Fwp%2Fv2%2Fcomments&post=3002"}],"version-history":[{"count":1,"href":"https:\/\/catalogolucianosilva.com.br\/index.php?rest_route=\/wp\/v2\/product\/3002\/revisions"}],"predecessor-version":[{"id":3008,"href":"https:\/\/catalogolucianosilva.com.br\/index.php?rest_route=\/wp\/v2\/product\/3002\/revisions\/3008"}],"wp:featuredmedia":[{"embeddable":true,"href":"https:\/\/catalogolucianosilva.com.br\/index.php?rest_route=\/wp\/v2\/media\/4748"}],"wp:attachment":[{"href":"https:\/\/catalogolucianosilva.com.br\/index.php?rest_route=%2Fwp%2Fv2%2Fmedia&parent=3002"}],"wp:term":[{"taxonomy":"product_brand","embeddable":true,"href":"https:\/\/catalogolucianosilva.com.br\/index.php?rest_route=%2Fwp%2Fv2%2Fproduct_brand&post=3002"},{"taxonomy":"product_cat","embeddable":true,"href":"https:\/\/catalogolucianosilva.com.br\/index.php?rest_route=%2Fwp%2Fv2%2Fproduct_cat&post=3002"},{"taxonomy":"product_tag","embeddable":true,"href":"https:\/\/catalogolucianosilva.com.br\/index.php?rest_route=%2Fwp%2Fv2%2Fproduct_tag&post=3002"}],"curies":[{"name":"wp","href":"https:\/\/api.w.org\/{rel}","templated":true}]}}