{"id":3025,"date":"2024-09-17T23:26:02","date_gmt":"2024-09-18T02:26:02","guid":{"rendered":"https:\/\/catalogolucianosilva.com.br\/?post_type=product&#038;p=3025"},"modified":"2025-07-01T23:55:22","modified_gmt":"2025-07-02T02:55:22","slug":"buggy-buggy-1-6-2-lug-2013","status":"publish","type":"product","link":"https:\/\/catalogolucianosilva.com.br\/?product=buggy-buggy-1-6-2-lug-2013","title":{"rendered":"BUGGY BUGGY 1.6 2-LUG 2013"},"content":{"rendered":"<p><strong>Tipo de ve\u00edculo<\/strong><br \/>\n<strong>Buggy<\/strong><br \/>\n<strong>Ano:<\/strong><strong>2013<\/strong><br \/>\n<strong>Pot\u00eancia do motor: <\/strong><strong>1.6<\/strong><br \/>\n<strong>Combust\u00edvel: <\/strong><strong>Gasolina<\/strong><br \/>\n<strong>C\u00e2mbio: <\/strong><strong>Autom\u00e1tico<\/strong><br \/>\n<strong>Portas: <\/strong><strong>2 portas<\/strong><br \/>\n<strong>Tipo de dire\u00e7\u00e3o: <\/strong><strong>Mec\u00e2nica<\/strong><\/p>\n<p>&nbsp;<\/p>\n<ul>\n<li><strong>Motor: Equipado com um motor 1.6, geralmente proveniente da linha Volkswagen, bastante comum em buggys brasileiros. Esse motor oferece um bom equil\u00edbrio entre pot\u00eancia e efici\u00eancia para um ve\u00edculo leve como o buggy.<\/strong><\/li>\n<li><strong>Carroceria: A estrutura do buggy \u00e9 leve, com uma carroceria feita de fibra de vidro, o que permite boa performance em terrenos arenosos e outros ambientes de dif\u00edcil acesso.<\/strong><\/li>\n<li><strong>Assentos: O modelo tem capacidade para dois passageiros, sendo ideal para aventuras individuais ou em dupla.<\/strong><\/li>\n<li><strong>Tra\u00e7\u00e3o: A tra\u00e7\u00e3o traseira \u00e9 a configura\u00e7\u00e3o padr\u00e3o, que, combinada com o baixo peso, permite boa capacidade de atravessar terrenos dif\u00edceis como areia e lama.<\/strong><\/li>\n<li><strong>Design: O estilo do buggy \u00e9 esportivo e funcional, com rodas grandes e suspens\u00e3o elevada para maior mobilidade off-road.<\/strong><\/li>\n<\/ul>\n","protected":false},"excerpt":{"rendered":"<p>Tipo de ve\u00edculo Buggy Ano:2013 Pot\u00eancia do motor: 1.6 Combust\u00edvel: Gasolina C\u00e2mbio: Autom\u00e1tico Portas: 2 portas Tipo de dire\u00e7\u00e3o: Mec\u00e2nica &nbsp; Motor: Equipado com um motor 1.6, geralmente proveniente da linha Volkswagen, bastante comum em buggys brasileiros. Esse motor oferece um bom equil\u00edbrio entre pot\u00eancia e efici\u00eancia para um ve\u00edculo leve como o buggy. Carroceria: [&hellip;]<\/p>\n","protected":false},"featured_media":4670,"comment_status":"open","ping_status":"closed","template":"","meta":[],"product_brand":[],"product_cat":[43,16],"product_tag":[],"class_list":{"0":"post-3025","1":"product","2":"type-product","3":"status-publish","4":"has-post-thumbnail","6":"product_cat-buggy","7":"product_cat-todos-os-veiculos","9":"first","10":"onbackorder","11":"shipping-taxable","12":"purchasable","13":"product-type-simple"},"_links":{"self":[{"href":"https:\/\/catalogolucianosilva.com.br\/index.php?rest_route=\/wp\/v2\/product\/3025","targetHints":{"allow":["GET"]}}],"collection":[{"href":"https:\/\/catalogolucianosilva.com.br\/index.php?rest_route=\/wp\/v2\/product"}],"about":[{"href":"https:\/\/catalogolucianosilva.com.br\/index.php?rest_route=\/wp\/v2\/types\/product"}],"replies":[{"embeddable":true,"href":"https:\/\/catalogolucianosilva.com.br\/index.php?rest_route=%2Fwp%2Fv2%2Fcomments&post=3025"}],"version-history":[{"count":1,"href":"https:\/\/catalogolucianosilva.com.br\/index.php?rest_route=\/wp\/v2\/product\/3025\/revisions"}],"predecessor-version":[{"id":3031,"href":"https:\/\/catalogolucianosilva.com.br\/index.php?rest_route=\/wp\/v2\/product\/3025\/revisions\/3031"}],"wp:featuredmedia":[{"embeddable":true,"href":"https:\/\/catalogolucianosilva.com.br\/index.php?rest_route=\/wp\/v2\/media\/4670"}],"wp:attachment":[{"href":"https:\/\/catalogolucianosilva.com.br\/index.php?rest_route=%2Fwp%2Fv2%2Fmedia&parent=3025"}],"wp:term":[{"taxonomy":"product_brand","embeddable":true,"href":"https:\/\/catalogolucianosilva.com.br\/index.php?rest_route=%2Fwp%2Fv2%2Fproduct_brand&post=3025"},{"taxonomy":"product_cat","embeddable":true,"href":"https:\/\/catalogolucianosilva.com.br\/index.php?rest_route=%2Fwp%2Fv2%2Fproduct_cat&post=3025"},{"taxonomy":"product_tag","embeddable":true,"href":"https:\/\/catalogolucianosilva.com.br\/index.php?rest_route=%2Fwp%2Fv2%2Fproduct_tag&post=3025"}],"curies":[{"name":"wp","href":"https:\/\/api.w.org\/{rel}","templated":true}]}}