{"id":3032,"date":"2024-09-17T23:46:13","date_gmt":"2024-09-18T02:46:13","guid":{"rendered":"https:\/\/catalogolucianosilva.com.br\/?post_type=product&#038;p=3032"},"modified":"2025-07-01T23:59:53","modified_gmt":"2025-07-02T02:59:53","slug":"iveco-35s14-2p-e5","status":"publish","type":"product","link":"https:\/\/catalogolucianosilva.com.br\/?product=iveco-35s14-2p-e5","title":{"rendered":"IVECO 35S14 2P (E5)"},"content":{"rendered":"<h5>Especifica\u00e7\u00f5es principais:<\/h5>\n<ul>\n<li>\n<h5><strong>Motor:<\/strong> O modelo vem equipado com um motor <strong>2.3 litros<\/strong> turbo diesel, com tecnologia de emiss\u00f5es <strong>Euro 5 (E5)<\/strong>, que oferece maior efici\u00eancia e menores n\u00edveis de poluentes. A pot\u00eancia \u00e9 de aproximadamente <strong>136 cavalos<\/strong> e o torque \u00e9 de <strong>31,5 kgfm<\/strong>, o que garante for\u00e7a para o transporte de cargas leves e m\u00e9dias.<\/h5>\n<\/li>\n<li>\n<h5><strong>Capacidade de carga:<\/strong> Ele tem uma capacidade de carga \u00fatil de cerca de <strong>1,8 toneladas<\/strong>, sendo ideal para opera\u00e7\u00f5es urbanas e de transporte de mercadorias de m\u00e9dio porte.<\/h5>\n<\/li>\n<li>\n<h5><strong>Transmiss\u00e3o:<\/strong> Conta com uma transmiss\u00e3o manual de <strong>5 ou 6 marchas<\/strong>, dependendo da vers\u00e3o, proporcionando um bom equil\u00edbrio entre desempenho e economia de combust\u00edvel.<\/h5>\n<\/li>\n<li>\n<h5><strong>Dimens\u00f5es:<\/strong> O chassi oferece versatilidade para adapta\u00e7\u00e3o de diferentes tipos de carroceria (ba\u00fa, carroceria aberta, furg\u00e3o, etc.). Sua configura\u00e7\u00e3o de 2 portas \u00e9 ideal para transporte leve e \u00e1gil.<\/h5>\n<\/li>\n<li>\n<h5><strong>Suspens\u00e3o:<\/strong> O sistema de suspens\u00e3o dianteira \u00e9 independente com molas helicoidais, e a traseira utiliza feixe de molas, adequado para suportar cargas maiores sem comprometer o conforto de condu\u00e7\u00e3o.<\/h5>\n<\/li>\n<\/ul>\n<h5>Conforto e Seguran\u00e7a:<\/h5>\n<ul>\n<li>\n<h5><strong>Dire\u00e7\u00e3o hidr\u00e1ulica<\/strong> de s\u00e9rie para facilitar manobras.<\/h5>\n<\/li>\n<li>\n<h5><strong>Freios a disco<\/strong> nas quatro rodas com ABS e EBD, garantindo mais seguran\u00e7a, especialmente em frenagens de emerg\u00eancia.<\/h5>\n<\/li>\n<li>\n<h5><strong>Cabine ampla<\/strong> com bom espa\u00e7o interno, projetada para proporcionar conforto ao motorista durante longas jornadas de trabalho.<\/h5>\n<\/li>\n<\/ul>\n","protected":false},"excerpt":{"rendered":"<p>Especifica\u00e7\u00f5es principais: Motor: O modelo vem equipado com um motor 2.3 litros turbo diesel, com tecnologia de emiss\u00f5es Euro 5 (E5), que oferece maior efici\u00eancia e menores n\u00edveis de poluentes. A pot\u00eancia \u00e9 de aproximadamente 136 cavalos e o torque \u00e9 de 31,5 kgfm, o que garante for\u00e7a para o transporte de cargas leves e [&hellip;]<\/p>\n","protected":false},"featured_media":4722,"comment_status":"open","ping_status":"closed","template":"","meta":[],"product_brand":[],"product_cat":[45,46,16],"product_tag":[],"class_list":{"0":"post-3032","1":"product","2":"type-product","3":"status-publish","4":"has-post-thumbnail","6":"product_cat-caminhao","7":"product_cat-iveco","8":"product_cat-todos-os-veiculos","10":"first","11":"onbackorder","12":"shipping-taxable","13":"purchasable","14":"product-type-simple"},"_links":{"self":[{"href":"https:\/\/catalogolucianosilva.com.br\/index.php?rest_route=\/wp\/v2\/product\/3032","targetHints":{"allow":["GET"]}}],"collection":[{"href":"https:\/\/catalogolucianosilva.com.br\/index.php?rest_route=\/wp\/v2\/product"}],"about":[{"href":"https:\/\/catalogolucianosilva.com.br\/index.php?rest_route=\/wp\/v2\/types\/product"}],"replies":[{"embeddable":true,"href":"https:\/\/catalogolucianosilva.com.br\/index.php?rest_route=%2Fwp%2Fv2%2Fcomments&post=3032"}],"version-history":[{"count":1,"href":"https:\/\/catalogolucianosilva.com.br\/index.php?rest_route=\/wp\/v2\/product\/3032\/revisions"}],"predecessor-version":[{"id":3033,"href":"https:\/\/catalogolucianosilva.com.br\/index.php?rest_route=\/wp\/v2\/product\/3032\/revisions\/3033"}],"wp:featuredmedia":[{"embeddable":true,"href":"https:\/\/catalogolucianosilva.com.br\/index.php?rest_route=\/wp\/v2\/media\/4722"}],"wp:attachment":[{"href":"https:\/\/catalogolucianosilva.com.br\/index.php?rest_route=%2Fwp%2Fv2%2Fmedia&parent=3032"}],"wp:term":[{"taxonomy":"product_brand","embeddable":true,"href":"https:\/\/catalogolucianosilva.com.br\/index.php?rest_route=%2Fwp%2Fv2%2Fproduct_brand&post=3032"},{"taxonomy":"product_cat","embeddable":true,"href":"https:\/\/catalogolucianosilva.com.br\/index.php?rest_route=%2Fwp%2Fv2%2Fproduct_cat&post=3032"},{"taxonomy":"product_tag","embeddable":true,"href":"https:\/\/catalogolucianosilva.com.br\/index.php?rest_route=%2Fwp%2Fv2%2Fproduct_tag&post=3032"}],"curies":[{"name":"wp","href":"https:\/\/api.w.org\/{rel}","templated":true}]}}