{"id":3182,"date":"2024-09-22T22:59:38","date_gmt":"2024-09-23T01:59:38","guid":{"rendered":"https:\/\/catalogolucianosilva.com.br\/?post_type=product&#038;p=3182"},"modified":"2025-06-30T22:21:01","modified_gmt":"2025-07-01T01:21:01","slug":"cb600f-hornet-2008-2009","status":"publish","type":"product","link":"https:\/\/catalogolucianosilva.com.br\/?product=cb600f-hornet-2008-2009","title":{"rendered":"CB600F HORNET 2008\/2009"},"content":{"rendered":"<h5><strong>Motor:<\/strong><\/h5>\n<ul>\n<li>\n<h5><strong>Tipo: Quatro tempos, 4 cilindros em linha, arrefecido a l\u00edquido, DOHC<\/strong><\/h5>\n<\/li>\n<li>\n<h5><strong>Cilindrada: 599 cm\u00b3<\/strong><\/h5>\n<\/li>\n<li>\n<h5><strong>Pot\u00eancia m\u00e1xima: 102 cv a 12.000 rpm<\/strong><\/h5>\n<\/li>\n<li>\n<h5><strong>Torque m\u00e1ximo: 6,53 kgfm a 10.500 rpm<\/strong><\/h5>\n<\/li>\n<li>\n<h5><strong>Alimenta\u00e7\u00e3o: Inje\u00e7\u00e3o eletr\u00f4nica de combust\u00edvel (PGM-FI)<\/strong><\/h5>\n<\/li>\n<li>\n<h5><strong>Transmiss\u00e3o: Manual de 6 marchas<\/strong><\/h5>\n<\/li>\n<li>\n<h5><strong>Combust\u00edvel: Gasolina<\/strong><\/h5>\n<\/li>\n<\/ul>\n<h5><strong>Desempenho:<\/strong><\/h5>\n<ul>\n<li>\n<h5><strong>Velocidade m\u00e1xima: Aproximadamente 215 km\/h<\/strong><\/h5>\n<\/li>\n<li>\n<h5><strong>Acelera\u00e7\u00e3o (0 a 100 km\/h): Cerca de 3,5 segundos<\/strong><\/h5>\n<\/li>\n<\/ul>\n<h5><strong>Caracter\u00edsticas Adicionais:<\/strong><\/h5>\n<ul>\n<li>\n<h5><strong>Painel: Digital e anal\u00f3gico, com marcador de combust\u00edvel, veloc\u00edmetro, conta-giros e hod\u00f4metro.<\/strong><\/h5>\n<\/li>\n<li>\n<h5><strong>Estilo: Naked, destacando-se pelo design agressivo e esportivo.<\/strong><\/h5>\n<\/li>\n<\/ul>\n<h5><strong>(RECUPERADO FINANCIAMENTO)<\/strong><\/h5>\n<h5><strong>CONDI\u00c7\u00d5ES: FIQUE ATENTO AS INFORMA\u00c7\u00d5ES DOS LOTES. N\u00c3O ACEITAMOS AP\u00d3S A ARREMATA\u00c7\u00c3O, O CANCELAMENTO DA COMPRA.<\/strong><\/h5>\n<h5><strong>OBS: O CANCELAMENTO DA ARREMATA\u00c7\u00c3O GERA MUITA MAIS BLOQUEIO DO CADASTRO DO CLIENTE.<\/strong><\/h5>\n<h5><strong>APREENS\u00c3O TR\u00c2NSITO (CONSERVADO)<\/strong><\/h5>\n<h5><strong>Final Placa: 9 \/ MA<\/strong><\/h5>\n<h5><strong>Comitente: DETRAN MA<\/strong><\/h5>\n<h5><\/h5>\n","protected":false},"excerpt":{"rendered":"<p>Motor: Tipo: Quatro tempos, 4 cilindros em linha, arrefecido a l\u00edquido, DOHC Cilindrada: 599 cm\u00b3 Pot\u00eancia m\u00e1xima: 102 cv a 12.000 rpm Torque m\u00e1ximo: 6,53 kgfm a 10.500 rpm Alimenta\u00e7\u00e3o: Inje\u00e7\u00e3o eletr\u00f4nica de combust\u00edvel (PGM-FI) Transmiss\u00e3o: Manual de 6 marchas Combust\u00edvel: Gasolina Desempenho: Velocidade m\u00e1xima: Aproximadamente 215 km\/h Acelera\u00e7\u00e3o (0 a 100 km\/h): Cerca de [&hellip;]<\/p>\n","protected":false},"featured_media":3990,"comment_status":"open","ping_status":"closed","template":"","meta":[],"product_brand":[],"product_cat":[32,31,16],"product_tag":[],"class_list":{"0":"post-3182","1":"product","2":"type-product","3":"status-publish","4":"has-post-thumbnail","6":"product_cat-honda","7":"product_cat-motos","8":"product_cat-todos-os-veiculos","10":"first","11":"onbackorder","12":"shipping-taxable","13":"purchasable","14":"product-type-simple"},"_links":{"self":[{"href":"https:\/\/catalogolucianosilva.com.br\/index.php?rest_route=\/wp\/v2\/product\/3182","targetHints":{"allow":["GET"]}}],"collection":[{"href":"https:\/\/catalogolucianosilva.com.br\/index.php?rest_route=\/wp\/v2\/product"}],"about":[{"href":"https:\/\/catalogolucianosilva.com.br\/index.php?rest_route=\/wp\/v2\/types\/product"}],"replies":[{"embeddable":true,"href":"https:\/\/catalogolucianosilva.com.br\/index.php?rest_route=%2Fwp%2Fv2%2Fcomments&post=3182"}],"version-history":[{"count":1,"href":"https:\/\/catalogolucianosilva.com.br\/index.php?rest_route=\/wp\/v2\/product\/3182\/revisions"}],"predecessor-version":[{"id":3192,"href":"https:\/\/catalogolucianosilva.com.br\/index.php?rest_route=\/wp\/v2\/product\/3182\/revisions\/3192"}],"wp:featuredmedia":[{"embeddable":true,"href":"https:\/\/catalogolucianosilva.com.br\/index.php?rest_route=\/wp\/v2\/media\/3990"}],"wp:attachment":[{"href":"https:\/\/catalogolucianosilva.com.br\/index.php?rest_route=%2Fwp%2Fv2%2Fmedia&parent=3182"}],"wp:term":[{"taxonomy":"product_brand","embeddable":true,"href":"https:\/\/catalogolucianosilva.com.br\/index.php?rest_route=%2Fwp%2Fv2%2Fproduct_brand&post=3182"},{"taxonomy":"product_cat","embeddable":true,"href":"https:\/\/catalogolucianosilva.com.br\/index.php?rest_route=%2Fwp%2Fv2%2Fproduct_cat&post=3182"},{"taxonomy":"product_tag","embeddable":true,"href":"https:\/\/catalogolucianosilva.com.br\/index.php?rest_route=%2Fwp%2Fv2%2Fproduct_tag&post=3182"}],"curies":[{"name":"wp","href":"https:\/\/api.w.org\/{rel}","templated":true}]}}