{"id":3207,"date":"2024-09-23T23:44:06","date_gmt":"2024-09-24T02:44:06","guid":{"rendered":"https:\/\/catalogolucianosilva.com.br\/?post_type=product&#038;p=3207"},"modified":"2025-06-30T22:01:34","modified_gmt":"2025-07-01T01:01:34","slug":"cbx-250-twister-2006-2006","status":"publish","type":"product","link":"https:\/\/catalogolucianosilva.com.br\/?product=cbx-250-twister-2006-2006","title":{"rendered":"CBX 250 TWISTER 2006\/2006"},"content":{"rendered":"<ul>\n<li>\n<h5><strong>Cilindrada: 249,2 cm\u00b3<\/strong><\/h5>\n<\/li>\n<li>\n<h5><strong>Tipo: Monocil\u00edndrico, 4 tempos, refrigerado a ar<\/strong><\/h5>\n<\/li>\n<li>\n<h5><strong>Pot\u00eancia m\u00e1xima: 24 cv a 8.000 rpm<\/strong><\/h5>\n<\/li>\n<li>\n<h5><strong>Torque m\u00e1ximo: 2,48 kgf.m a 6.000 rpm<\/strong><\/h5>\n<\/li>\n<li>\n<h5><strong>Alimenta\u00e7\u00e3o: Carburador<\/strong><\/h5>\n<\/li>\n<li>\n<h5><strong>Transmiss\u00e3o: 6 marchas<\/strong><\/h5>\n<\/li>\n<\/ul>\n<h5><strong>Dimens\u00f5es:<\/strong><\/h5>\n<ul>\n<li>\n<h5><strong>Comprimento: 2.015 mm<\/strong><\/h5>\n<\/li>\n<li>\n<h5><strong>Largura: 745 mm<\/strong><\/h5>\n<\/li>\n<li>\n<h5><strong>Altura: 1.070 mm<\/strong><\/h5>\n<\/li>\n<li>\n<h5><strong>Dist\u00e2ncia entre eixos: 1.380 mm<\/strong><\/h5>\n<\/li>\n<li>\n<h5><strong>Peso a seco: 139 kg<\/strong><\/h5>\n<\/li>\n<\/ul>\n<h5><strong>Chassi e Suspens\u00e3o:<\/strong><\/h5>\n<ul>\n<li>\n<h5><strong>Suspens\u00e3o dianteira: Garfo telesc\u00f3pico<\/strong><\/h5>\n<\/li>\n<li>\n<h5><strong>Suspens\u00e3o traseira: Monoamortecida<\/strong><\/h5>\n<\/li>\n<li>\n<h5><strong>Freio dianteiro: Disco simples<\/strong><\/h5>\n<\/li>\n<li>\n<h5><strong>Freio traseiro: Tambor<\/strong><\/h5>\n<\/li>\n<\/ul>\n<h5><strong>Capacidades:<\/strong><\/h5>\n<ul>\n<li>\n<h5><strong>Capacidade do tanque: 16 litros<\/strong><\/h5>\n<\/li>\n<li>\n<h5><strong>Reserva de combust\u00edvel: 5,5 litros<\/strong><\/h5>\n<\/li>\n<\/ul>\n<h5><strong>(RECUPERADO FINANCIAMENTO)<\/strong><\/h5>\n<h5><strong>CONDI\u00c7\u00d5ES: FIQUE ATENTO AS INFORMA\u00c7\u00d5ES DOS LOTES. N\u00c3O ACEITAMOS AP\u00d3S A ARREMATA\u00c7\u00c3O, O CANCELAMENTO DA COMPRA.<\/strong><\/h5>\n<h5><strong>OBS: O CANCELAMENTO DA ARREMATA\u00c7\u00c3O GERA MUITA MAIS BLOQUEIO DO CADASTRO DO CLIENTE.<\/strong><\/h5>\n","protected":false},"excerpt":{"rendered":"<p>Cilindrada: 249,2 cm\u00b3 Tipo: Monocil\u00edndrico, 4 tempos, refrigerado a ar Pot\u00eancia m\u00e1xima: 24 cv a 8.000 rpm Torque m\u00e1ximo: 2,48 kgf.m a 6.000 rpm Alimenta\u00e7\u00e3o: Carburador Transmiss\u00e3o: 6 marchas Dimens\u00f5es: Comprimento: 2.015 mm Largura: 745 mm Altura: 1.070 mm Dist\u00e2ncia entre eixos: 1.380 mm Peso a seco: 139 kg Chassi e Suspens\u00e3o: Suspens\u00e3o dianteira: Garfo [&hellip;]<\/p>\n","protected":false},"featured_media":3967,"comment_status":"open","ping_status":"closed","template":"","meta":[],"product_brand":[],"product_cat":[32,31,16],"product_tag":[],"class_list":{"0":"post-3207","1":"product","2":"type-product","3":"status-publish","4":"has-post-thumbnail","6":"product_cat-honda","7":"product_cat-motos","8":"product_cat-todos-os-veiculos","10":"first","11":"onbackorder","12":"shipping-taxable","13":"purchasable","14":"product-type-simple"},"_links":{"self":[{"href":"https:\/\/catalogolucianosilva.com.br\/index.php?rest_route=\/wp\/v2\/product\/3207","targetHints":{"allow":["GET"]}}],"collection":[{"href":"https:\/\/catalogolucianosilva.com.br\/index.php?rest_route=\/wp\/v2\/product"}],"about":[{"href":"https:\/\/catalogolucianosilva.com.br\/index.php?rest_route=\/wp\/v2\/types\/product"}],"replies":[{"embeddable":true,"href":"https:\/\/catalogolucianosilva.com.br\/index.php?rest_route=%2Fwp%2Fv2%2Fcomments&post=3207"}],"version-history":[{"count":2,"href":"https:\/\/catalogolucianosilva.com.br\/index.php?rest_route=\/wp\/v2\/product\/3207\/revisions"}],"predecessor-version":[{"id":3218,"href":"https:\/\/catalogolucianosilva.com.br\/index.php?rest_route=\/wp\/v2\/product\/3207\/revisions\/3218"}],"wp:featuredmedia":[{"embeddable":true,"href":"https:\/\/catalogolucianosilva.com.br\/index.php?rest_route=\/wp\/v2\/media\/3967"}],"wp:attachment":[{"href":"https:\/\/catalogolucianosilva.com.br\/index.php?rest_route=%2Fwp%2Fv2%2Fmedia&parent=3207"}],"wp:term":[{"taxonomy":"product_brand","embeddable":true,"href":"https:\/\/catalogolucianosilva.com.br\/index.php?rest_route=%2Fwp%2Fv2%2Fproduct_brand&post=3207"},{"taxonomy":"product_cat","embeddable":true,"href":"https:\/\/catalogolucianosilva.com.br\/index.php?rest_route=%2Fwp%2Fv2%2Fproduct_cat&post=3207"},{"taxonomy":"product_tag","embeddable":true,"href":"https:\/\/catalogolucianosilva.com.br\/index.php?rest_route=%2Fwp%2Fv2%2Fproduct_tag&post=3207"}],"curies":[{"name":"wp","href":"https:\/\/api.w.org\/{rel}","templated":true}]}}