{"id":3270,"date":"2024-09-24T23:13:43","date_gmt":"2024-09-25T02:13:43","guid":{"rendered":"https:\/\/catalogolucianosilva.com.br\/?post_type=product&#038;p=3270"},"modified":"2025-06-29T20:01:36","modified_gmt":"2025-06-29T23:01:36","slug":"pcx-150cc-2022","status":"publish","type":"product","link":"https:\/\/catalogolucianosilva.com.br\/?product=pcx-150cc-2022","title":{"rendered":"PCX 150cc 2022"},"content":{"rendered":"<ul>\n<li>\n<h5>Cilindrada: 149,3 cm\u00b3<\/h5>\n<\/li>\n<li>\n<h5>Tipo: Monocil\u00edndrico, 4 tempos, arrefecido a l\u00edquido<\/h5>\n<\/li>\n<li>\n<h5>Pot\u00eancia m\u00e1xima: 13,2 cv a 8.500 rpm<\/h5>\n<\/li>\n<li>\n<h5>Torque m\u00e1ximo: 1,38 kgf.m a 5.000 rpm<\/h5>\n<\/li>\n<li>\n<h5>Combust\u00edvel: Gasolina<\/h5>\n<\/li>\n<li>\n<h5>Sistema de alimenta\u00e7\u00e3o: Inje\u00e7\u00e3o eletr\u00f4nica<\/h5>\n<\/li>\n<\/ul>\n<h5>(RECUPERADO FINANCIAMENTO)<\/h5>\n<h5>CONDI\u00c7\u00d5ES: FIQUE ATENTO AS INFORMA\u00c7\u00d5ES DOS LOTES. N\u00c3O ACEITAMOS AP\u00d3S A ARREMATA\u00c7\u00c3O, O CANCELAMENTO DA COMPRA.<\/h5>\n<h5>OBS: O CANCELAMENTO DA ARREMATA\u00c7\u00c3O GERA MUITA MAIS BLOQUEIO DO CADASTRO DO CLIENTE.<\/h5>\n<h5><\/h5>\n","protected":false},"excerpt":{"rendered":"<p>Cilindrada: 149,3 cm\u00b3 Tipo: Monocil\u00edndrico, 4 tempos, arrefecido a l\u00edquido Pot\u00eancia m\u00e1xima: 13,2 cv a 8.500 rpm Torque m\u00e1ximo: 1,38 kgf.m a 5.000 rpm Combust\u00edvel: Gasolina Sistema de alimenta\u00e7\u00e3o: Inje\u00e7\u00e3o eletr\u00f4nica (RECUPERADO FINANCIAMENTO) CONDI\u00c7\u00d5ES: FIQUE ATENTO AS INFORMA\u00c7\u00d5ES DOS LOTES. N\u00c3O ACEITAMOS AP\u00d3S A ARREMATA\u00c7\u00c3O, O CANCELAMENTO DA COMPRA. OBS: O CANCELAMENTO DA ARREMATA\u00c7\u00c3O GERA [&hellip;]<\/p>\n","protected":false},"featured_media":3935,"comment_status":"open","ping_status":"closed","template":"","meta":[],"product_brand":[],"product_cat":[32,31,16],"product_tag":[],"class_list":{"0":"post-3270","1":"product","2":"type-product","3":"status-publish","4":"has-post-thumbnail","6":"product_cat-honda","7":"product_cat-motos","8":"product_cat-todos-os-veiculos","10":"first","11":"onbackorder","12":"shipping-taxable","13":"purchasable","14":"product-type-simple"},"_links":{"self":[{"href":"https:\/\/catalogolucianosilva.com.br\/index.php?rest_route=\/wp\/v2\/product\/3270","targetHints":{"allow":["GET"]}}],"collection":[{"href":"https:\/\/catalogolucianosilva.com.br\/index.php?rest_route=\/wp\/v2\/product"}],"about":[{"href":"https:\/\/catalogolucianosilva.com.br\/index.php?rest_route=\/wp\/v2\/types\/product"}],"replies":[{"embeddable":true,"href":"https:\/\/catalogolucianosilva.com.br\/index.php?rest_route=%2Fwp%2Fv2%2Fcomments&post=3270"}],"version-history":[{"count":1,"href":"https:\/\/catalogolucianosilva.com.br\/index.php?rest_route=\/wp\/v2\/product\/3270\/revisions"}],"predecessor-version":[{"id":3278,"href":"https:\/\/catalogolucianosilva.com.br\/index.php?rest_route=\/wp\/v2\/product\/3270\/revisions\/3278"}],"wp:featuredmedia":[{"embeddable":true,"href":"https:\/\/catalogolucianosilva.com.br\/index.php?rest_route=\/wp\/v2\/media\/3935"}],"wp:attachment":[{"href":"https:\/\/catalogolucianosilva.com.br\/index.php?rest_route=%2Fwp%2Fv2%2Fmedia&parent=3270"}],"wp:term":[{"taxonomy":"product_brand","embeddable":true,"href":"https:\/\/catalogolucianosilva.com.br\/index.php?rest_route=%2Fwp%2Fv2%2Fproduct_brand&post=3270"},{"taxonomy":"product_cat","embeddable":true,"href":"https:\/\/catalogolucianosilva.com.br\/index.php?rest_route=%2Fwp%2Fv2%2Fproduct_cat&post=3270"},{"taxonomy":"product_tag","embeddable":true,"href":"https:\/\/catalogolucianosilva.com.br\/index.php?rest_route=%2Fwp%2Fv2%2Fproduct_tag&post=3270"}],"curies":[{"name":"wp","href":"https:\/\/api.w.org\/{rel}","templated":true}]}}