{"id":3348,"date":"2024-09-25T23:41:10","date_gmt":"2024-09-26T02:41:10","guid":{"rendered":"https:\/\/catalogolucianosilva.com.br\/?post_type=product&#038;p=3348"},"modified":"2025-07-02T00:11:53","modified_gmt":"2025-07-02T03:11:53","slug":"mitsubishi-l200-outdoor-gls-2-5-4x4-cd-tdi-diesel","status":"publish","type":"product","link":"https:\/\/catalogolucianosilva.com.br\/?product=mitsubishi-l200-outdoor-gls-2-5-4x4-cd-tdi-diesel","title":{"rendered":"MITSUBISHI L200 OUTDOOR GLS 2.5 4X4 CD TDI DIESEL 2012"},"content":{"rendered":"<ul>\n<li>\n<h5>Cilindrada: 2.477 cm\u00b3<\/h5>\n<\/li>\n<li>\n<h5>Pot\u00eancia m\u00e1xima: 141 cv a 4.000 rpm<\/h5>\n<\/li>\n<li>\n<h5>Torque m\u00e1ximo: 31,0 kgf.m a 2.000 rpm<\/h5>\n<\/li>\n<li>\n<h5>Combust\u00edvel: Diesel<\/h5>\n<\/li>\n<li>\n<h5>Aspira\u00e7\u00e3o: Turboalimentado<\/h5>\n<\/li>\n<li>\n<h5>Capacidade:<\/h5>\n<ul>\n<li>\n<h5>Tanque de combust\u00edvel: 75 litros<\/h5>\n<\/li>\n<li>\n<h5>Capacidade de carga: 1.015 kg<\/h5>\n<\/li>\n<\/ul>\n<h5>Outros detalhes:<\/h5>\n<ul>\n<li>\n<h5>Suspens\u00e3o dianteira: Independente com barra de tor\u00e7\u00e3o e amortecedores<\/h5>\n<\/li>\n<li>\n<h5>Suspens\u00e3o traseira: Eixo r\u00edgido com molas semi-el\u00edpticas<\/h5>\n<\/li>\n<li>\n<h5>Freios: Discos ventilados na dianteira e tambor na traseira<\/h5>\n<\/li>\n<\/ul>\n<\/li>\n<\/ul>\n<h5>(RECUPERADO FINANCIAMENTO)<\/h5>\n<h5>CONDI\u00c7\u00d5ES: FIQUE ATENTO AS INFORMA\u00c7\u00d5ES DOS LOTES. N\u00c3O ACEITAMOS AP\u00d3S A ARREMATA\u00c7\u00c3O, O CANCELAMENTO DA COMPRA.<\/h5>\n<h5>OBS: O CANCELAMENTO DA ARREMATA\u00c7\u00c3O GERA MUITA MAIS BLOQUEIO DO CADASTRO DO CLIENTE.<\/h5>\n","protected":false},"excerpt":{"rendered":"<p>Cilindrada: 2.477 cm\u00b3 Pot\u00eancia m\u00e1xima: 141 cv a 4.000 rpm Torque m\u00e1ximo: 31,0 kgf.m a 2.000 rpm Combust\u00edvel: Diesel Aspira\u00e7\u00e3o: Turboalimentado Capacidade: Tanque de combust\u00edvel: 75 litros Capacidade de carga: 1.015 kg Outros detalhes: Suspens\u00e3o dianteira: Independente com barra de tor\u00e7\u00e3o e amortecedores Suspens\u00e3o traseira: Eixo r\u00edgido com molas semi-el\u00edpticas Freios: Discos ventilados na dianteira [&hellip;]<\/p>\n","protected":false},"featured_media":4743,"comment_status":"open","ping_status":"closed","template":"","meta":[],"product_brand":[],"product_cat":[16,48,53],"product_tag":[],"class_list":{"0":"post-3348","1":"product","2":"type-product","3":"status-publish","4":"has-post-thumbnail","6":"product_cat-todos-os-veiculos","7":"product_cat-caminhonete","8":"product_cat-mitsubishi","10":"first","11":"onbackorder","12":"shipping-taxable","13":"purchasable","14":"product-type-simple"},"_links":{"self":[{"href":"https:\/\/catalogolucianosilva.com.br\/index.php?rest_route=\/wp\/v2\/product\/3348","targetHints":{"allow":["GET"]}}],"collection":[{"href":"https:\/\/catalogolucianosilva.com.br\/index.php?rest_route=\/wp\/v2\/product"}],"about":[{"href":"https:\/\/catalogolucianosilva.com.br\/index.php?rest_route=\/wp\/v2\/types\/product"}],"replies":[{"embeddable":true,"href":"https:\/\/catalogolucianosilva.com.br\/index.php?rest_route=%2Fwp%2Fv2%2Fcomments&post=3348"}],"version-history":[{"count":2,"href":"https:\/\/catalogolucianosilva.com.br\/index.php?rest_route=\/wp\/v2\/product\/3348\/revisions"}],"predecessor-version":[{"id":3769,"href":"https:\/\/catalogolucianosilva.com.br\/index.php?rest_route=\/wp\/v2\/product\/3348\/revisions\/3769"}],"wp:featuredmedia":[{"embeddable":true,"href":"https:\/\/catalogolucianosilva.com.br\/index.php?rest_route=\/wp\/v2\/media\/4743"}],"wp:attachment":[{"href":"https:\/\/catalogolucianosilva.com.br\/index.php?rest_route=%2Fwp%2Fv2%2Fmedia&parent=3348"}],"wp:term":[{"taxonomy":"product_brand","embeddable":true,"href":"https:\/\/catalogolucianosilva.com.br\/index.php?rest_route=%2Fwp%2Fv2%2Fproduct_brand&post=3348"},{"taxonomy":"product_cat","embeddable":true,"href":"https:\/\/catalogolucianosilva.com.br\/index.php?rest_route=%2Fwp%2Fv2%2Fproduct_cat&post=3348"},{"taxonomy":"product_tag","embeddable":true,"href":"https:\/\/catalogolucianosilva.com.br\/index.php?rest_route=%2Fwp%2Fv2%2Fproduct_tag&post=3348"}],"curies":[{"name":"wp","href":"https:\/\/api.w.org\/{rel}","templated":true}]}}