{"id":3429,"date":"2024-09-26T00:55:10","date_gmt":"2024-09-26T03:55:10","guid":{"rendered":"https:\/\/catalogolucianosilva.com.br\/?post_type=product&#038;p=3429"},"modified":"2025-07-02T23:18:58","modified_gmt":"2025-07-03T02:18:58","slug":"can-am-outlander-x-mr-1000-4x4-quadr-20","status":"publish","type":"product","link":"https:\/\/catalogolucianosilva.com.br\/?product=can-am-outlander-x-mr-1000-4x4-quadr-20","title":{"rendered":"CAN-AM OUTLANDER X MR 1000 4X4 QUADR. 20"},"content":{"rendered":"<h5><strong>Informa\u00e7\u00f5es Gerais:<\/strong><\/h5>\n<ul>\n<li>\n<h5><strong>Fabricante: CAN-AM (BRP)<\/strong><\/h5>\n<\/li>\n<li>\n<h5><strong>Modelo: Outlander X MR 1000<\/strong><\/h5>\n<\/li>\n<li>\n<h5><strong>Ano: 2020<\/strong><\/h5>\n<\/li>\n<li>\n<h5><strong>Categoria: Quadriciclo (ATV)<\/strong><\/h5>\n<\/li>\n<li>\n<h5><strong>Tra\u00e7\u00e3o: 4&#215;4 (com op\u00e7\u00e3o de tra\u00e7\u00e3o 4&#215;2)<\/strong><\/h5>\n<\/li>\n<\/ul>\n<h5><strong>Motoriza\u00e7\u00e3o:<\/strong><\/h5>\n<ul>\n<li>\n<h5><strong>Motor: Rotax V-Twin, 4 tempos, dois cilindros em &#8220;V&#8221;<\/strong><\/h5>\n<\/li>\n<li>\n<h5><strong>Cilindrada: 976 cm\u00b3<\/strong><\/h5>\n<\/li>\n<li>\n<h5><strong>Pot\u00eancia: 91 HP<\/strong><\/h5>\n<\/li>\n<li>\n<h5><strong>Sistema de resfriamento: L\u00edquido<\/strong><\/h5>\n<\/li>\n<li>\n<h5><strong>Sistema de combust\u00edvel: Inje\u00e7\u00e3o eletr\u00f4nica (EFI)<\/strong><\/h5>\n<\/li>\n<\/ul>\n<h5><strong>(RECUPERADO FINANCIAMENTO)<\/strong><\/h5>\n<h5><strong>CONDI\u00c7\u00d5ES: FIQUE ATENTO AS INFORMA\u00c7\u00d5ES DOS LOTES. N\u00c3O ACEITAMOS AP\u00d3S A ARREMATA\u00c7\u00c3O, O CANCELAMENTO DA COMPRA.<\/strong><\/h5>\n<h5><strong>OBS: O CANCELAMENTO DA ARREMATA\u00c7\u00c3O GERA MUITA MAIS BLOQUEIO DO CADASTRO DO CLIENTE.<\/strong><\/h5>\n<h5><\/h5>\n","protected":false},"excerpt":{"rendered":"<p>Informa\u00e7\u00f5es Gerais: Fabricante: CAN-AM (BRP) Modelo: Outlander X MR 1000 Ano: 2020 Categoria: Quadriciclo (ATV) Tra\u00e7\u00e3o: 4&#215;4 (com op\u00e7\u00e3o de tra\u00e7\u00e3o 4&#215;2) Motoriza\u00e7\u00e3o: Motor: Rotax V-Twin, 4 tempos, dois cilindros em &#8220;V&#8221; Cilindrada: 976 cm\u00b3 Pot\u00eancia: 91 HP Sistema de resfriamento: L\u00edquido Sistema de combust\u00edvel: Inje\u00e7\u00e3o eletr\u00f4nica (EFI) (RECUPERADO FINANCIAMENTO) CONDI\u00c7\u00d5ES: FIQUE ATENTO AS INFORMA\u00c7\u00d5ES [&hellip;]<\/p>\n","protected":false},"featured_media":6301,"comment_status":"open","ping_status":"closed","template":"","meta":[],"product_brand":[],"product_cat":[60,52],"product_tag":[61],"class_list":{"0":"post-3429","1":"product","2":"type-product","3":"status-publish","4":"has-post-thumbnail","6":"product_cat-brp-quadriciculo","7":"product_cat-quadriciculo","8":"product_tag-brp","10":"first","11":"onbackorder","12":"shipping-taxable","13":"purchasable","14":"product-type-simple"},"_links":{"self":[{"href":"https:\/\/catalogolucianosilva.com.br\/index.php?rest_route=\/wp\/v2\/product\/3429","targetHints":{"allow":["GET"]}}],"collection":[{"href":"https:\/\/catalogolucianosilva.com.br\/index.php?rest_route=\/wp\/v2\/product"}],"about":[{"href":"https:\/\/catalogolucianosilva.com.br\/index.php?rest_route=\/wp\/v2\/types\/product"}],"replies":[{"embeddable":true,"href":"https:\/\/catalogolucianosilva.com.br\/index.php?rest_route=%2Fwp%2Fv2%2Fcomments&post=3429"}],"version-history":[{"count":1,"href":"https:\/\/catalogolucianosilva.com.br\/index.php?rest_route=\/wp\/v2\/product\/3429\/revisions"}],"predecessor-version":[{"id":3448,"href":"https:\/\/catalogolucianosilva.com.br\/index.php?rest_route=\/wp\/v2\/product\/3429\/revisions\/3448"}],"wp:featuredmedia":[{"embeddable":true,"href":"https:\/\/catalogolucianosilva.com.br\/index.php?rest_route=\/wp\/v2\/media\/6301"}],"wp:attachment":[{"href":"https:\/\/catalogolucianosilva.com.br\/index.php?rest_route=%2Fwp%2Fv2%2Fmedia&parent=3429"}],"wp:term":[{"taxonomy":"product_brand","embeddable":true,"href":"https:\/\/catalogolucianosilva.com.br\/index.php?rest_route=%2Fwp%2Fv2%2Fproduct_brand&post=3429"},{"taxonomy":"product_cat","embeddable":true,"href":"https:\/\/catalogolucianosilva.com.br\/index.php?rest_route=%2Fwp%2Fv2%2Fproduct_cat&post=3429"},{"taxonomy":"product_tag","embeddable":true,"href":"https:\/\/catalogolucianosilva.com.br\/index.php?rest_route=%2Fwp%2Fv2%2Fproduct_tag&post=3429"}],"curies":[{"name":"wp","href":"https:\/\/api.w.org\/{rel}","templated":true}]}}